ded by 6?
3
Calculate the remainder when 230 is divided by 37.
8
Calculate the remainder when 56 is divided by 13.
4
What is the remainder when 488 is divided by 34?
12
What is the remainder when 1678 is divided by 27?
4
What is the remainder when 686 is divided by 669?
17
What is the remainder when 77 is divided by 21?
14
What is the remainder when 37 is divided by 7?
2
What is the remainder when 117 is divided by 42?
33
Calculate the remainder when 542 is divided by 332.
210
Calculate the remainder when 48 is divided by 29.
19
Calculate the remainder when 4809 is divided by 37.
36
What is the remainder when 2825 is divided by 28?
25
What is the remainder when 16274 is divided by 175?
174
What is the remainder when 109 is divided by 40?
29
Calculate the remainder when 77 is divided by 33.
11
Calculate the remainder when 510 is divided by 168.
6
Calculate the remainder when 43 is divided by 28.
15
What is the remainder when 4545 is divided by 22?
13
What is the remainder when 1347 is divided by 45?
42
Calculate the remainder when 873 is divided by 23.
22
Calculate the remainder when 362 is divided by 102.
56
What is the remainder when 401 is divided by 67?
66
What is the remainder when 724 is divided by 333?
58
What is the remainder when 66 is divided by 10?
6
Calculate the remainder when 474 is divided by 120.
114
Calculate the remainder when 12 is divided by 3.
0
Calculate the remainder when 403 is divided by 37.
33
What is the remainder when 2480 is divided by 28?
16
What is the remainder when 240 is divided by 92?
56
What is the remainder when 198 is divided by 51?
45
Calculate the remainder when 747 is divided by 94.
89
What is the remainder when 2290 is divided by 762?
4
Calculate the remainder when 621 is divided by 305.
11
What is the remainder when 397 is divided by 21?
19
Calculate the remainder when 134 is divided by 18.
8
What is the remainder when 531 is divided by 42?
27
What is the remainder when 14 is divided by 14?
0
What is the remainder when 5134 is divided by 85?
34
Calculate the remainder when 3669 is divided by 181.
49
Calculate the remainder when 221 is divided by 14.
11
Calculate the remainder when 15 is divided by 12.
3
What is the remainder when 177 is divided by 52?
21
Calculate the remainder when 2542 is divided by 5.
2
What is the remainder when 349 is divided by 91?
76
Calculate the remainder when 688 is divided by 69.
67
Calculate the remainder when 67 is divided by 25.
17
Calculate the remainder when 535 is divided by 174.
13
What is the remainder when 737 is divided by 14?
9
What is the remainder when 774 is divided by 8?
6
Calculate the remainder when 11662 is divided by 144.
142
Calculate the remainder when 81 is divided by 23.
12
What is the remainder when 23 is divided by 3?
2
What is the remainder when 6499 is divided by 125?
124
What is the remainder when 1321 is divided by 228?
181
Calculate the remainder when 80 is divided by 41.
39
Calculate the remainder when 983 is divided by 198.
191
Calculate the remainder when 205 is divided by 8.
5
What is the remainder when 184 is divided by 21?
16
Calculate the remainder when 3465 is divided by 17.
14
Calculate the remainder when 515 is divided by 320.
195
Calculate the remainder when 309 is divided by 53.
44
Calculate the remainder when 227 is divided by 62.
41
Calculate the remainder when 561 is divided by 506.
55
Calculate the remainder when 18154 is divided by 204.
202
What is the remainder when 312 is divided by 16?
8
What is the remainder when 867 is divided by 11?
9
What is the remainder when 87 is divided by 22?
21
What is the remainder when 1673 is divided by 552?
17
Calculate the remainder when 260 is divided by 168.
92
What is the remainder when 84 is divided by 30?
24
Calculate the remainder when 1404 is divided by 118.
106
Calculate the remainder when 1164 is divided by 66.
42
Calculate the remainder when 131 is divided by 18.
5
Calculate the remainder when 3337 is divided by 152.
145
Calculate the remainder when 434 is divided by 55.
49
Calculate the remainder when 142 is divided by 138.
4
What is the remainder when 424 is divided by 10?
4
Calculate the remainder when 733 is divided by 677.
56
Calculate the remainder when 311 is divided by 63.
59
What is the remainder when 3066 is divided by 9?
6
Calculate the remainder when 112 is divided by 13.
8
Calculate the remainder when 387 is divided by 56.
51
What is the remainder when 2230 is divided by 13?
7
What is the remainder when 223 is divided by 56?
55
What is the remainder when 3053 is divided by 90?
83
What is the remainder when 1161 is divided by 46?
11
Calculate the remainder when 910 is divided by 175.
35
Calculate the remainder when 13419 is divided by 55.
54
Calculate the remainder when 145 is divided by 31.
21
What is the remainder when 54 is divided by 12?
6
Calculate the remainder when 62 is divided by 18.
8
Calculate the remainder when 1495 is divided by 297.
10
Calculate the remainder when 801 is divided by 59.
34
Calculate the remainder when 495 is divided by 31.
30
Calculate the remainder when 537 is divided by 77.
75
What is the remainder when 327 is divided by 44?
19
What is the remainder when 124 is divided by 28?
12
Calculate the remainder when 675 is divided by 217.
24
What is the remainder when 804 is divided by 263?
15
Calculate the remainder when 34 is divided by 14.
6
What is the remainder when 897 is divided by 45?
42
What is the remainder when 193 is divided by 21?
4
Calculate the remainder when 311 is divided by 91.
38
What is the remainder when 123 is divided by 100?
23
What is the remainder when 231 is divided by 36?
15
Calculate the remainder when 396 is divided by 13.
6
Calculate the remainder when 192 is divided by 48.
0
What is the remainder when 49 is divided by 20?
9
Calculate the remainder when 449 is divided by 224.
1
Calculate the remainder when 1232 is divided by 378.
98
What is the remainder when 6068 is divided by 35?
13
Calculate the remainder when 669 is divided by 67.
66
Calculate the remainder when 445 is divided by 56.
53
Calculate the remainder when 140 is divided by 49.
42
What is the remainder when 204 is divided by 70?
64
What is the remainder when 28 is divided by 4?
0
What is the remainder when 378 is divided by 77?
70
What is the remainder when 264 is divided by 38?
36
Calculate the remainder when 5330 is divided by 760.
10
Calculate the remainder when 92 is divided by 15.
2
What is the remainder when 989 is divided by 32?
29
Calculate the remainder when 27 is divided by 8.
3
What is the remainder when 8115 is divided by 82?
79
Calculate the remainder when 109 is divided by 37.
35
What is the remainder when 635 is divided by 125?
10
What is the remainder when 15677 is divided by 49?
46
What is the remainder when 183 is divided by 62?
59
What is the remainder when 611 is divided by 305?
1
Calculate the remainder when 207 is divided by 114.
93
Calculate the remainder when 857 is divided by 98.
73
What is the remainder when 1025 is divided by 54?
53
Calculate the remainder when 525 is divided by 132.
129
What is the remainder when 366 is divided by 37?
33
Calculate the remainder when 296 is divided by 57.
11
Calculate the remainder when 2005 is divided by 61.
53
Calculate the remainder when 382 is divided by 5.
2
Calculate the remainder when 224 is divided by 153.
71
What is the remainder when 425 is divided by 31?
22
What is the remainder when 6001 is divided by 23?
21
What is the remainder when 632 is divided by 91?
86
What is the remainder when 121 is divided by 25?
21
What is the remainder when 164 is divided by 10?
4
Calculate the remainder when 85 is divided by 32.
21
Calculate the remainder when 364 is divided by 84.
28
Calculate the remainder when 865 is divided by 246.
127
What is the remainder when 10 is divided by 1?
0
What is the remainder when 1083 is divided by 35?
33
What is the remainder when 17517 is divided by 38?
37
What is the remainder when 1419 is divided by 354?
3
Calculate the remainder when 861 is divided by 32.
29
What is the remainder when 375 is divided by 368?
7
Calculate the remainder when 184 is divided by 39.
28
What is the remainder when 138 is divided by 71?
67
What is the remainder when 10709 is divided by 17